{"id":1311,"date":"2026-04-12T20:40:45","date_gmt":"2026-04-12T18:40:45","guid":{"rendered":"https:\/\/zdravyspanok.sk\/?page_id=1311"},"modified":"2026-04-12T20:48:23","modified_gmt":"2026-04-12T18:48:23","slug":"dobra-noc-zacina-dobrymi-navykmi","status":"publish","type":"page","link":"https:\/\/zdravyspanok.sk\/?page_id=1311","title":{"rendered":"Dobr\u00e1 noc za\u010d\u00edna dobr\u00fdmi n\u00e1vykmi"},"content":{"rendered":"\n<embed src=\"https:\/\/zdravyspanok.sk\/wp-content\/uploads\/2026\/04\/Vyhlasenie%20v%C3%BDsledkov%20Drawing%20contest%202026.pdf\" width=\"100%\" height=\"1000px\" type=\"application\/pdf\">\n","protected":false},"excerpt":{"rendered":"","protected":false},"author":1,"featured_media":0,"parent":0,"menu_order":0,"comment_status":"closed","ping_status":"closed","template":"","meta":{"footnotes":""},"_links":{"self":[{"href":"https:\/\/zdravyspanok.sk\/index.php?rest_route=\/wp\/v2\/pages\/1311"}],"collection":[{"href":"https:\/\/zdravyspanok.sk\/index.php?rest_route=\/wp\/v2\/pages"}],"about":[{"href":"https:\/\/zdravyspanok.sk\/index.php?rest_route=\/wp\/v2\/types\/page"}],"author":[{"embeddable":true,"href":"https:\/\/zdravyspanok.sk\/index.php?rest_route=\/wp\/v2\/users\/1"}],"replies":[{"embeddable":true,"href":"https:\/\/zdravyspanok.sk\/index.php?rest_route=%2Fwp%2Fv2%2Fcomments&post=1311"}],"version-history":[{"count":6,"href":"https:\/\/zdravyspanok.sk\/index.php?rest_route=\/wp\/v2\/pages\/1311\/revisions"}],"predecessor-version":[{"id":1321,"href":"https:\/\/zdravyspanok.sk\/index.php?rest_route=\/wp\/v2\/pages\/1311\/revisions\/1321"}],"wp:attachment":[{"href":"https:\/\/zdravyspanok.sk\/index.php?rest_route=%2Fwp%2Fv2%2Fmedia&parent=1311"}],"curies":[{"name":"wp","href":"https:\/\/api.w.org\/{rel}","templated":true}]}}