{"id":304,"date":"2021-04-13T13:33:14","date_gmt":"2021-04-13T11:33:14","guid":{"rendered":"https:\/\/localhost\/wordpress\/?page_id=304"},"modified":"2021-05-10T15:49:26","modified_gmt":"2021-05-10T13:49:26","slug":"clenstvo","status":"publish","type":"page","link":"https:\/\/zdravyspanok.sk\/?page_id=304","title":{"rendered":"\u010clenstvo"},"content":{"rendered":"\n<section class=\"wp-block-uagb-section uagb-section__wrap uagb-section__background-undefined uagb-block-ec8d737d\"><div class=\"uagb-section__overlay\"><\/div><div class=\"uagb-section__inner-wrap\">\n<h2 class=\"wp-block-heading\">\u010clenstvo v SLS<\/h2>\n\n\n\n<p><a href=\"https:\/\/sls.sk\/web\/clenstvo-v-sls\/\" target=\"_blank\" rel=\"noopener\">&gt;&gt; Prihl\u00e1\u0161ka za riadneho (individu\u00e1lneho) \u010dlena&nbsp; s pr\u00edlohami<\/a><\/p>\n\n\n\n<p><span style=\"color: #007cba;\">V prihl\u00e1\u0161ke pros\u00edm vypl\u0148te k\u00f3d 96-SSSM<\/span><\/p>\n<\/div><\/section>\n\n\n\n<section class=\"wp-block-uagb-section uagb-section__wrap uagb-section__background-undefined uagb-block-1c0d7e48\"><div class=\"uagb-section__overlay\"><\/div><div class=\"uagb-section__inner-wrap\">\n<p><strong>Adresa pre zasielanie prihl\u00e1\u0161ok:<\/strong><\/p>\n<p>Slovensk\u00e1 lek\u00e1rska spolo\u010dnos\u0165<br>Cukrov\u00e1 3, 813 22 Bratislava<br>tel.:&nbsp; 00421 2 5263 5603, 5292 2017, 5292 2019<br>fax:&nbsp; 00421 2 5263 5611<\/p>\n<p>e-mail:&nbsp;<span id=\"cloak18bcb84ab842db1f43f933474ab711bd\"><a href=\"mailto:horvathova@sls.sk\">horvathova@sls.sk<\/a><\/span>,&nbsp;<span id=\"cloak6561f33a1e899c8c009626c1d79f1e01\"><a href=\"mailto:spustova@sls.sk\">spustova@sls.sk<\/a><\/span>&nbsp;&nbsp;<\/p>\n<\/div><\/section>\n\n\n\n<hr class=\"wp-block-separator is-style-wide\"\/>\n","protected":false},"excerpt":{"rendered":"","protected":false},"author":1,"featured_media":0,"parent":0,"menu_order":0,"comment_status":"closed","ping_status":"closed","template":"","meta":{"footnotes":""},"_links":{"self":[{"href":"https:\/\/zdravyspanok.sk\/index.php?rest_route=\/wp\/v2\/pages\/304"}],"collection":[{"href":"https:\/\/zdravyspanok.sk\/index.php?rest_route=\/wp\/v2\/pages"}],"about":[{"href":"https:\/\/zdravyspanok.sk\/index.php?rest_route=\/wp\/v2\/types\/page"}],"author":[{"embeddable":true,"href":"https:\/\/zdravyspanok.sk\/index.php?rest_route=\/wp\/v2\/users\/1"}],"replies":[{"embeddable":true,"href":"https:\/\/zdravyspanok.sk\/index.php?rest_route=%2Fwp%2Fv2%2Fcomments&post=304"}],"version-history":[{"count":7,"href":"https:\/\/zdravyspanok.sk\/index.php?rest_route=\/wp\/v2\/pages\/304\/revisions"}],"predecessor-version":[{"id":642,"href":"https:\/\/zdravyspanok.sk\/index.php?rest_route=\/wp\/v2\/pages\/304\/revisions\/642"}],"wp:attachment":[{"href":"https:\/\/zdravyspanok.sk\/index.php?rest_route=%2Fwp%2Fv2%2Fmedia&parent=304"}],"curies":[{"name":"wp","href":"https:\/\/api.w.org\/{rel}","templated":true}]}}